{"id":566,"date":"2025-02-27T11:29:22","date_gmt":"2025-02-27T11:29:22","guid":{"rendered":"https:\/\/apreslalune.fr\/?page_id=566"},"modified":"2025-03-04T07:49:22","modified_gmt":"2025-03-04T07:49:22","slug":"corps-morts-2","status":"publish","type":"page","link":"https:\/\/apreslalune.fr\/index.php\/corps-morts-2\/","title":{"rendered":"Corps-morts"},"content":{"rendered":"\n<figure class=\"wp-block-image size-full is-resized\"><img loading=\"lazy\" decoding=\"async\" width=\"345\" height=\"559\" src=\"http:\/\/apreslalune.fr\/wp-content\/uploads\/2025\/02\/Corps-morts-1-1.jpg\" alt=\"\" class=\"wp-image-378\" style=\"width:175px;height:auto\" srcset=\"https:\/\/apreslalune.fr\/wp-content\/uploads\/2025\/02\/Corps-morts-1-1.jpg 345w, https:\/\/apreslalune.fr\/wp-content\/uploads\/2025\/02\/Corps-morts-1-1-185x300.jpg 185w\" sizes=\"auto, (max-width: 345px) 100vw, 345px\" \/><\/figure>\n\n\n\n<p>A premi\u00e8re vue, l&rsquo;image \u00e9tait ordinaire.<br>Un casier de caoutchouc noir. un casier \u00e0 bulots comme pierrot en relevait par centaines depuis qu&rsquo;il \u00e9tait matelot sur la brailleuse. pourtant, \u00e0 y regarder de plus pr\u00e8s, les escargots de mer agglutin\u00e9s au fond du trou, scotch\u00e9s \u00e0 leur proie, n&rsquo;en avaient pas termin\u00e9 avec leur app\u00e2t. un morceau de roussette ? certainement pas. plut\u00f4t un membre d\u00e9pec\u00e9, pourvu par endroits de lambeaux \u00e9tiol\u00e9s de chair blanche.<br>Pierrot l&rsquo;aurait jur\u00e9 : de la chair humaine. roman noir d&rsquo;atmosph\u00e8re entre simenon et daeninckx, corps-morts est l&rsquo;occasion pour sylvie rouch de dresser un portrait r\u00e9aliste et attachant des gens de la mer, \u00e0 travers le quotidien souvent rude des bulotiers de granville, en cotentin.<\/p>\n\n\n\n<ul class=\"wp-block-list\">\n<li>Autrice : Sylvie Rouch<\/li>\n\n\n\n<li>Date de parution : 01\/04\/2006<\/li>\n\n\n\n<li>EAN : 9782352270041<\/li>\n\n\n\n<li>Nombre de pages : 240<\/li>\n\n\n\n<li>Collection : LUNES BLAFARDES<\/li>\n\n\n\n<li>Genre : Polars<\/li>\n\n\n\n<li>Th\u00e8me : Policier \/ Thriller grand format<\/li>\n<\/ul>\n","protected":false},"excerpt":{"rendered":"<p>A premi\u00e8re vue, l&rsquo;image \u00e9tait ordinaire.Un casier de caoutchouc noir. un casier \u00e0 [&hellip;]<\/p>\n","protected":false},"author":2,"featured_media":0,"parent":0,"menu_order":0,"comment_status":"closed","ping_status":"closed","template":"","meta":{"footnotes":""},"class_list":["post-566","page","type-page","status-publish","hentry"],"_links":{"self":[{"href":"https:\/\/apreslalune.fr\/index.php\/wp-json\/wp\/v2\/pages\/566","targetHints":{"allow":["GET"]}}],"collection":[{"href":"https:\/\/apreslalune.fr\/index.php\/wp-json\/wp\/v2\/pages"}],"about":[{"href":"https:\/\/apreslalune.fr\/index.php\/wp-json\/wp\/v2\/types\/page"}],"author":[{"embeddable":true,"href":"https:\/\/apreslalune.fr\/index.php\/wp-json\/wp\/v2\/users\/2"}],"replies":[{"embeddable":true,"href":"https:\/\/apreslalune.fr\/index.php\/wp-json\/wp\/v2\/comments?post=566"}],"version-history":[{"count":1,"href":"https:\/\/apreslalune.fr\/index.php\/wp-json\/wp\/v2\/pages\/566\/revisions"}],"predecessor-version":[{"id":567,"href":"https:\/\/apreslalune.fr\/index.php\/wp-json\/wp\/v2\/pages\/566\/revisions\/567"}],"wp:attachment":[{"href":"https:\/\/apreslalune.fr\/index.php\/wp-json\/wp\/v2\/media?parent=566"}],"curies":[{"name":"wp","href":"https:\/\/api.w.org\/{rel}","templated":true}]}}