{"id":571,"date":"2025-02-27T11:53:23","date_gmt":"2025-02-27T11:53:23","guid":{"rendered":"https:\/\/apreslalune.fr\/?page_id=571"},"modified":"2025-03-04T07:09:51","modified_gmt":"2025-03-04T07:09:51","slug":"de-gaulle-van-gogh-ma-femme-et-moi-de-jean-jaccques-reboux-apres-la-lune","status":"publish","type":"page","link":"https:\/\/apreslalune.fr\/index.php\/de-gaulle-van-gogh-ma-femme-et-moi-de-jean-jaccques-reboux-apres-la-lune\/","title":{"rendered":"De Gaulle, Van Gogh, ma femme et moi"},"content":{"rendered":"\n<figure class=\"wp-block-image size-full is-resized\"><img loading=\"lazy\" decoding=\"async\" width=\"345\" height=\"555\" src=\"http:\/\/apreslalune.fr\/wp-content\/uploads\/2025\/02\/De-gaulle-van-gogh-ma-femme-et-moi-.jpg\" alt=\"\" class=\"wp-image-380\" style=\"width:157px;height:auto\" srcset=\"https:\/\/apreslalune.fr\/wp-content\/uploads\/2025\/02\/De-gaulle-van-gogh-ma-femme-et-moi-.jpg 345w, https:\/\/apreslalune.fr\/wp-content\/uploads\/2025\/02\/De-gaulle-van-gogh-ma-femme-et-moi--186x300.jpg 186w\" sizes=\"auto, (max-width: 345px) 100vw, 345px\" \/><\/figure>\n\n\n\n<p>Il faut que cette photo fasse le tour du monde, mes amis ! Le monde entier doit savoir que sans Vincent Van Gogh, le g\u00e9n\u00e9ral de Gaulle n&rsquo;aurait \u00e9t\u00e9 qu&rsquo;un insignifiant moucheron sur le pare-brise de la Cr\u00e9ation\u2026<br>Ou pachou pachou paya ! Nous avons lev\u00e9 ce qu&rsquo;il restait de nos verres \u00e0 la g\u00e9niale harangue d&rsquo;un Philippe Sollex port\u00e9 par la gr\u00e2ce. &#8211; Ou pachou pachou paya ! C&rsquo;est \u00e0 ce moment-l\u00e0 que les loufiats de la Closerie des Lilas, exc\u00e9d\u00e9s, nous ont foutus dehors, Sollex, sainte Cathy la partouzeuse, l&rsquo;\u00e9crivain d\u00e9pressif au regard de poisson mort &#8211; un d\u00e9nomm\u00e9 Michel Welbeck -, Chavanel, le petit Grud\u00e9 et moi, Bernard Maresquier, gaulliste retrait\u00e9 de la chaussure, obs\u00e9d\u00e9 par les chevilles des femmes et le souvenir \u00e9mu de tante Yvonne.<br>Dans deux jours, Vincent Van Gogh va mourir. Dans quatre mois, Charles de Gaulle va na\u00eetre. Mais ils vont se rencontrer. Un OVNI litt\u00e9raire savamment d\u00e9jant\u00e9, o\u00f9 l&rsquo;on rit beaucoup, \u00e0 l&rsquo;instar de Poste mortem (Folio policier).<\/p>\n\n\n\n<ul class=\"wp-block-list\">\n<li>Auteur : Jean-Jacques Reboux<\/li>\n\n\n\n<li>Date de parution : 14\/10\/2006<\/li>\n\n\n\n<li>EAN : 978235227023<\/li>\n\n\n\n<li><strong>N<\/strong>ombre de pages : 316<\/li>\n\n\n\n<li>Collection : LUNES BLAFARDES<\/li>\n\n\n\n<li>Genre : Polars<\/li>\n\n\n\n<li>Th\u00e8me : Policier \/ Thriller format poche<\/li>\n<\/ul>\n","protected":false},"excerpt":{"rendered":"<p>Il faut que cette photo fasse le tour du monde, mes amis ! [&hellip;]<\/p>\n","protected":false},"author":2,"featured_media":0,"parent":0,"menu_order":0,"comment_status":"closed","ping_status":"closed","template":"","meta":{"footnotes":""},"class_list":["post-571","page","type-page","status-publish","hentry"],"_links":{"self":[{"href":"https:\/\/apreslalune.fr\/index.php\/wp-json\/wp\/v2\/pages\/571","targetHints":{"allow":["GET"]}}],"collection":[{"href":"https:\/\/apreslalune.fr\/index.php\/wp-json\/wp\/v2\/pages"}],"about":[{"href":"https:\/\/apreslalune.fr\/index.php\/wp-json\/wp\/v2\/types\/page"}],"author":[{"embeddable":true,"href":"https:\/\/apreslalune.fr\/index.php\/wp-json\/wp\/v2\/users\/2"}],"replies":[{"embeddable":true,"href":"https:\/\/apreslalune.fr\/index.php\/wp-json\/wp\/v2\/comments?post=571"}],"version-history":[{"count":1,"href":"https:\/\/apreslalune.fr\/index.php\/wp-json\/wp\/v2\/pages\/571\/revisions"}],"predecessor-version":[{"id":573,"href":"https:\/\/apreslalune.fr\/index.php\/wp-json\/wp\/v2\/pages\/571\/revisions\/573"}],"wp:attachment":[{"href":"https:\/\/apreslalune.fr\/index.php\/wp-json\/wp\/v2\/media?parent=571"}],"curies":[{"name":"wp","href":"https:\/\/api.w.org\/{rel}","templated":true}]}}

<figure class="wp-block-image size-full is-resized"><img loading="lazy" decoding="async" width="345" height="555" src="http://apreslalune.fr/wp-content/uploads/2025/02/De-gaulle-van-gogh-ma-femme-et-moi-.jpg" alt="" class="wp-image-380" style="width:157px;height:auto" srcset="https://apreslalune.fr/wp-content/uploads/2025/02/De-gaulle-van-gogh-ma-femme-et-moi-.jpg 345w, https://apreslalune.fr/wp-content/uploads/2025/02/De-gaulle-van-gogh-ma-femme-et-moi--186x300.jpg 186w" sizes="auto, (max-width: 345px) 100vw, 345px" /></figure>



<p>Il faut que cette photo fasse le tour du monde, mes amis ! Le monde entier doit savoir que sans Vincent Van Gogh, le général de Gaulle n&rsquo;aurait été qu&rsquo;un insignifiant moucheron sur le pare-brise de la Création…<br>Ou pachou pachou paya ! Nous avons levé ce qu&rsquo;il restait de nos verres à la géniale harangue d&rsquo;un Philippe Sollex porté par la grâce. &#8211; Ou pachou pachou paya ! C&rsquo;est à ce moment-là que les loufiats de la Closerie des Lilas, excédés, nous ont foutus dehors, Sollex, sainte Cathy la partouzeuse, l&rsquo;écrivain dépressif au regard de poisson mort &#8211; un dénommé Michel Welbeck -, Chavanel, le petit Grudé et moi, Bernard Maresquier, gaulliste retraité de la chaussure, obsédé par les chevilles des femmes et le souvenir ému de tante Yvonne.<br>Dans deux jours, Vincent Van Gogh va mourir. Dans quatre mois, Charles de Gaulle va naître. Mais ils vont se rencontrer. Un OVNI littéraire savamment déjanté, où l&rsquo;on rit beaucoup, à l&rsquo;instar de Poste mortem (Folio policier).</p>



<ul class="wp-block-list">
<li>Auteur : Jean-Jacques Reboux</li>



<li>Date de parution : 14/10/2006</li>



<li>EAN : 978235227023</li>



<li><strong>N</strong>ombre de pages : 316</li>



<li>Collection : LUNES BLAFARDES</li>



<li>Genre : Polars</li>



<li>Thème : Policier / Thriller format poche</li>
</ul>
