{"id":592,"date":"2025-02-27T12:36:19","date_gmt":"2025-02-27T12:36:19","guid":{"rendered":"https:\/\/apreslalune.fr\/?page_id=592"},"modified":"2025-03-04T07:21:05","modified_gmt":"2025-03-04T07:21:05","slug":"la-voyageuse-immobile-adele-olongh-editions-apres-la-lune","status":"publish","type":"page","link":"https:\/\/apreslalune.fr\/index.php\/la-voyageuse-immobile-adele-olongh-editions-apres-la-lune\/","title":{"rendered":"La voyageuse immobile"},"content":{"rendered":"\n<figure class=\"wp-block-image size-full is-resized\"><img loading=\"lazy\" decoding=\"async\" width=\"261\" height=\"400\" src=\"http:\/\/apreslalune.fr\/wp-content\/uploads\/2025\/02\/La-voyageuse-immobile-de-Adele-OLongh.jpg\" alt=\"La voyageuse immobile de Ade\u0300le O'Longh\" class=\"wp-image-364\" style=\"width:146px;height:auto\" srcset=\"https:\/\/apreslalune.fr\/wp-content\/uploads\/2025\/02\/La-voyageuse-immobile-de-Adele-OLongh.jpg 261w, https:\/\/apreslalune.fr\/wp-content\/uploads\/2025\/02\/La-voyageuse-immobile-de-Adele-OLongh-196x300.jpg 196w\" sizes=\"auto, (max-width: 261px) 100vw, 261px\" \/><\/figure>\n\n\n\n<p>Lorsqu\u2019Elsa apprend qu\u2019elle a \u00e9t\u00e9 contamin\u00e9e par un virus affectant le c\u0153ur, qui va lui imposer une quadrith\u00e9rapie d\u2019un an, elle d\u00e9cide de faire une retraite bouddhiste pendant la dur\u00e9e du traitement. Son amie Ga\u00eble, \u00e9crivaine globe-trotter qui s\u2019appr\u00eate \u00e0 s\u2019embarquer pour un long p\u00e9riple, va devenir \u00e0 la fois sa confidente et sa fen\u00eatre sur le monde. \u00c0 travers leurs \u00e9changes, les deux femmes vont partager un voyage d\u00e9tonant.<br>\u00ab Un virus qui s\u2019en prend au c\u0153ur, c\u2019est tellement singulier\u2026 Ne reviens pas Ga\u00eble, ne viens pas te transformer en garde-malade, cours plut\u00f4t, navigue, vole, comme tu l\u2019avais d\u00e9cid\u00e9. C\u2019est ce que tu peux faire de mieux pour moi. Mais s\u2019il te pla\u00eet, \u00e9cris-moi, envoie-moi des mails, raconte-moi ce que tu vis, ce que tu vois, et si tu ne vis et ne vois rien que tu aies envie de me relater, tu pourras toujours inventer. \u00bb<br>Ad\u00e8le O\u2019Longh vit entre Barcelone et les Canaries. Elle a \u00e9crit Les Montagnes dans les nuages (Ho\u00ebbeke, Paris), De Beauchastel \u00e0 Barcelona (La Magrana), et a r\u00e9alis\u00e9 le film Desde mi ventana.<\/p>\n\n\n\n<blockquote class=\"wp-block-quote is-layout-flow wp-block-quote-is-layout-flow\">\n<p>\u00ab\u00a0La voyageuse immobile est un roman de caract\u00e8re fractal remarquable \u00e0 plusieurs \u00e9gards. (&#8230;) Il s&rsquo;av\u00e8re un pr\u00e9cis de r\u00e9sistance et un authentique manuel d&rsquo;art de vivre. Tout cela n&rsquo;\u00e9tant en rien exhaustif, d&rsquo;autres lectures restent possible. C&rsquo;est l\u00e0 l&rsquo;un des int\u00e9r\u00eats, et non des moindres, de cet \u00e9tonnant roman.\u00a0\u00bb <a href=\"https:\/\/voixlitteraires.blogspot.com\/2020\/05\/le-voyage-immobile-dadele-olongh.html\">Voix Litt\u00e9raires<\/a><\/p>\n\n\n\n<p>Autrice : O&rsquo;Longh Ad\u00e8le<br>Date de parution : 01\/04\/2019<br>EAN : \u200e 9782352270829<br>Genre : Litt\u00e9rature fran\u00e7aise<\/p>\n<\/blockquote>\n","protected":false},"excerpt":{"rendered":"<p>Lorsqu\u2019Elsa apprend qu\u2019elle a \u00e9t\u00e9 contamin\u00e9e par un virus affectant le c\u0153ur, qui [&hellip;]<\/p>\n","protected":false},"author":2,"featured_media":0,"parent":0,"menu_order":0,"comment_status":"closed","ping_status":"closed","template":"","meta":{"footnotes":""},"class_list":["post-592","page","type-page","status-publish","hentry"],"_links":{"self":[{"href":"https:\/\/apreslalune.fr\/index.php\/wp-json\/wp\/v2\/pages\/592","targetHints":{"allow":["GET"]}}],"collection":[{"href":"https:\/\/apreslalune.fr\/index.php\/wp-json\/wp\/v2\/pages"}],"about":[{"href":"https:\/\/apreslalune.fr\/index.php\/wp-json\/wp\/v2\/types\/page"}],"author":[{"embeddable":true,"href":"https:\/\/apreslalune.fr\/index.php\/wp-json\/wp\/v2\/users\/2"}],"replies":[{"embeddable":true,"href":"https:\/\/apreslalune.fr\/index.php\/wp-json\/wp\/v2\/comments?post=592"}],"version-history":[{"count":3,"href":"https:\/\/apreslalune.fr\/index.php\/wp-json\/wp\/v2\/pages\/592\/revisions"}],"predecessor-version":[{"id":596,"href":"https:\/\/apreslalune.fr\/index.php\/wp-json\/wp\/v2\/pages\/592\/revisions\/596"}],"wp:attachment":[{"href":"https:\/\/apreslalune.fr\/index.php\/wp-json\/wp\/v2\/media?parent=592"}],"curies":[{"name":"wp","href":"https:\/\/api.w.org\/{rel}","templated":true}]}}