{"id":631,"date":"2025-03-02T12:50:25","date_gmt":"2025-03-02T12:50:25","guid":{"rendered":"https:\/\/apreslalune.fr\/?page_id=631"},"modified":"2025-03-04T08:02:49","modified_gmt":"2025-03-04T08:02:49","slug":"lo-cro-do-diable-2","status":"publish","type":"page","link":"https:\/\/apreslalune.fr\/index.php\/lo-cro-do-diable-2\/","title":{"rendered":"Lo cro do diable"},"content":{"rendered":"\n<figure class=\"wp-block-image size-full is-resized\"><img loading=\"lazy\" decoding=\"async\" width=\"345\" height=\"562\" src=\"http:\/\/apreslalune.fr\/wp-content\/uploads\/2025\/02\/Lo-cro-do-diable-1-1.jpg\" alt=\"\" class=\"wp-image-398\" style=\"width:153px;height:auto\" srcset=\"https:\/\/apreslalune.fr\/wp-content\/uploads\/2025\/02\/Lo-cro-do-diable-1-1.jpg 345w, https:\/\/apreslalune.fr\/wp-content\/uploads\/2025\/02\/Lo-cro-do-diable-1-1-184x300.jpg 184w\" sizes=\"auto, (max-width: 345px) 100vw, 345px\" \/><\/figure>\n\n\n\n<p>Sur le plateau de Millevaches, les mill\u00e9naires ont creus\u00e9 d&rsquo;\u00e9normes crevasses ayant donn\u00e9 naissance aux trois rivi\u00e8res : Corr\u00e8ze, Creuse, Vienne. Certaines d&rsquo;entre elles sont habit\u00e9es par des cr\u00e9atures de l\u00e9gendes n\u00e9es de l&rsquo;imaginaire des hommes. Dans les alentours de Bugeat, l\u00e0 o\u00f9 l&rsquo;alchimie g\u00e9ologique a d\u00e9pos\u00e9, au milieu des rochers de granit, un cadeau empoisonn\u00e9, l&rsquo;uranium, c&rsquo;est toujours avec appr\u00e9hension qu&rsquo;on \u00e9voque Lo Cro do Diable. C&rsquo;est l\u00e0 qu&rsquo;un couple un peu fou se retrouve une nuit, sur la lande, \u00e0 courir apr\u00e8s les feux follets. Quelques jours plus tard, ils sont retrouv\u00e9s morts. Au m\u00eame instant, \u00e0 Limoges, des hauts fonctionnaires europ\u00e9ens rencontrent des politiques locaux pour d\u00e9cider de l&rsquo;opportunit\u00e9 de cr\u00e9er un lieu de stockage de d\u00e9chets nucl\u00e9aires sur le plateau de Millevaches. Bastien Lenoir le flic et Max L\u00e9obon le journaliste cherchent le lien entre ces deux \u00e9v\u00e9nements. Et l&rsquo;on sait que les gens du cru, s&rsquo;ils ont souvent la langue bien pendue, ne sont pas bavards quand on veut leur tirer les vers du nez.<\/p>\n\n\n\n<ul class=\"wp-block-list\">\n<li>Auteur : Serge Vacher<\/li>\n\n\n\n<li>Date de parution : 07\/05\/2010<\/li>\n\n\n\n<li>EAN : 9782352270454<\/li>\n\n\n\n<li>Nombre de pages : 141<\/li>\n\n\n\n<li>Collection : LUNES BLAFARDES<\/li>\n\n\n\n<li>Genre : Polars<\/li>\n<\/ul>\n\n\n\n<p><\/p>\n","protected":false},"excerpt":{"rendered":"<p>Sur le plateau de Millevaches, les mill\u00e9naires ont creus\u00e9 d&rsquo;\u00e9normes crevasses ayant donn\u00e9 [&hellip;]<\/p>\n","protected":false},"author":2,"featured_media":0,"parent":0,"menu_order":0,"comment_status":"closed","ping_status":"closed","template":"","meta":{"footnotes":""},"class_list":["post-631","page","type-page","status-publish","hentry"],"_links":{"self":[{"href":"https:\/\/apreslalune.fr\/index.php\/wp-json\/wp\/v2\/pages\/631","targetHints":{"allow":["GET"]}}],"collection":[{"href":"https:\/\/apreslalune.fr\/index.php\/wp-json\/wp\/v2\/pages"}],"about":[{"href":"https:\/\/apreslalune.fr\/index.php\/wp-json\/wp\/v2\/types\/page"}],"author":[{"embeddable":true,"href":"https:\/\/apreslalune.fr\/index.php\/wp-json\/wp\/v2\/users\/2"}],"replies":[{"embeddable":true,"href":"https:\/\/apreslalune.fr\/index.php\/wp-json\/wp\/v2\/comments?post=631"}],"version-history":[{"count":1,"href":"https:\/\/apreslalune.fr\/index.php\/wp-json\/wp\/v2\/pages\/631\/revisions"}],"predecessor-version":[{"id":632,"href":"https:\/\/apreslalune.fr\/index.php\/wp-json\/wp\/v2\/pages\/631\/revisions\/632"}],"wp:attachment":[{"href":"https:\/\/apreslalune.fr\/index.php\/wp-json\/wp\/v2\/media?parent=631"}],"curies":[{"name":"wp","href":"https:\/\/api.w.org\/{rel}","templated":true}]}}