{"id":706,"date":"2025-03-06T11:03:20","date_gmt":"2025-03-06T11:03:20","guid":{"rendered":"https:\/\/apreslalune.fr\/?page_id=706"},"modified":"2025-03-06T11:03:20","modified_gmt":"2025-03-06T11:03:20","slug":"la-rose-de-blida","status":"publish","type":"page","link":"https:\/\/apreslalune.fr\/index.php\/la-rose-de-blida\/","title":{"rendered":"La rose de Blida"},"content":{"rendered":"\n<figure class=\"wp-block-image size-large is-resized\"><img loading=\"lazy\" decoding=\"async\" width=\"664\" height=\"1024\" src=\"http:\/\/apreslalune.fr\/wp-content\/uploads\/2025\/02\/Capture-decran-2025-02-25-a-17.40.23-664x1024.png\" alt=\"\" class=\"wp-image-432\" style=\"width:183px;height:auto\" srcset=\"https:\/\/apreslalune.fr\/wp-content\/uploads\/2025\/02\/Capture-decran-2025-02-25-a-17.40.23-664x1024.png 664w, https:\/\/apreslalune.fr\/wp-content\/uploads\/2025\/02\/Capture-decran-2025-02-25-a-17.40.23-194x300.png 194w, https:\/\/apreslalune.fr\/wp-content\/uploads\/2025\/02\/Capture-decran-2025-02-25-a-17.40.23-768x1185.png 768w, https:\/\/apreslalune.fr\/wp-content\/uploads\/2025\/02\/Capture-decran-2025-02-25-a-17.40.23.png 928w\" sizes=\"auto, (max-width: 664px) 100vw, 664px\" \/><\/figure>\n\n\n\n<p>La premi\u00e8re fois que je l&rsquo;ai vue, je sortais de la prison de l&rsquo;\u00e9cole, ma couverture enroul\u00e9e sur l&rsquo;aisselle, mon oreiller sous l&rsquo;autre bras.<br>Elle \u00e9tait belle comme un r\u00eave impossible, presque irr\u00e9elle dans son tailleur blanc, les mains crois\u00e9es sur la poitrine et le regard insaisissable. je ne me souviens pas d&rsquo;avoir vu cr\u00e9ature plus fascinante avant.<\/p>\n\n\n\n<p>Auteur : Yasmina Khadra<br>EAN : 9782352270010<br>Date de parution : 11\/02\/2006<br>Nombre de pages: 53<\/p>\n\n\n\n<p><\/p>\n\n\n\n<p><\/p>\n","protected":false},"excerpt":{"rendered":"<p>La premi\u00e8re fois que je l&rsquo;ai vue, je sortais de la prison de [&hellip;]<\/p>\n","protected":false},"author":2,"featured_media":0,"parent":0,"menu_order":0,"comment_status":"closed","ping_status":"closed","template":"","meta":{"footnotes":""},"class_list":["post-706","page","type-page","status-publish","hentry"],"_links":{"self":[{"href":"https:\/\/apreslalune.fr\/index.php\/wp-json\/wp\/v2\/pages\/706","targetHints":{"allow":["GET"]}}],"collection":[{"href":"https:\/\/apreslalune.fr\/index.php\/wp-json\/wp\/v2\/pages"}],"about":[{"href":"https:\/\/apreslalune.fr\/index.php\/wp-json\/wp\/v2\/types\/page"}],"author":[{"embeddable":true,"href":"https:\/\/apreslalune.fr\/index.php\/wp-json\/wp\/v2\/users\/2"}],"replies":[{"embeddable":true,"href":"https:\/\/apreslalune.fr\/index.php\/wp-json\/wp\/v2\/comments?post=706"}],"version-history":[{"count":1,"href":"https:\/\/apreslalune.fr\/index.php\/wp-json\/wp\/v2\/pages\/706\/revisions"}],"predecessor-version":[{"id":707,"href":"https:\/\/apreslalune.fr\/index.php\/wp-json\/wp\/v2\/pages\/706\/revisions\/707"}],"wp:attachment":[{"href":"https:\/\/apreslalune.fr\/index.php\/wp-json\/wp\/v2\/media?parent=706"}],"curies":[{"name":"wp","href":"https:\/\/api.w.org\/{rel}","templated":true}]}}