{"id":709,"date":"2025-03-06T11:10:53","date_gmt":"2025-03-06T11:10:53","guid":{"rendered":"https:\/\/apreslalune.fr\/?page_id=709"},"modified":"2025-03-06T11:11:44","modified_gmt":"2025-03-06T11:11:44","slug":"chomeurs-quattendez-vous-pour-disparaitre","status":"publish","type":"page","link":"https:\/\/apreslalune.fr\/index.php\/chomeurs-quattendez-vous-pour-disparaitre\/","title":{"rendered":"Ch\u00f4meurs, qu&rsquo;attendez-vous pour dispara\u00eetre ?"},"content":{"rendered":"\n<p><strong>Ch\u00f4meurs, qu&rsquo;attendez-vous pour dispara\u00eetre ? Manifestes sur une soci\u00e9t\u00e9 en panne d&rsquo;humanit\u00e9<\/strong><\/p>\n\n\n\n<figure class=\"wp-block-image size-full\"><img loading=\"lazy\" decoding=\"async\" width=\"345\" height=\"520\" src=\"http:\/\/apreslalune.fr\/wp-content\/uploads\/2025\/02\/Chomeurs-quattendez-vous-pour-disparaitre-_-manifestes-sur-une-societe-en-panne-dhumanite-.jpg\" alt=\"\" class=\"wp-image-376\" srcset=\"https:\/\/apreslalune.fr\/wp-content\/uploads\/2025\/02\/Chomeurs-quattendez-vous-pour-disparaitre-_-manifestes-sur-une-societe-en-panne-dhumanite-.jpg 345w, https:\/\/apreslalune.fr\/wp-content\/uploads\/2025\/02\/Chomeurs-quattendez-vous-pour-disparaitre-_-manifestes-sur-une-societe-en-panne-dhumanite--199x300.jpg 199w\" sizes=\"auto, (max-width: 345px) 100vw, 345px\" \/><\/figure>\n\n\n\n<p>13 d\u00e9cembre 2005.<br>57 ch\u00f4meurs touchant l&rsquo;ASS convoqu\u00e9s \u00e0 l&rsquo;ANPE Saint-Georges (Paris 9e) apprennent qu&rsquo;ils commencent un stage de \u00a0\u00bb remotivation \u00a0\u00bb de 200 heures. le lendemain matin ! A la suite de cette \u00a0\u00bb rafle \u00ab\u00a0, un tract r\u00e9dig\u00e9 dans l&rsquo;urgence circule sur Internet. Lib\u00e9ration, Canal+, France Inter prennent le relais. Les t\u00e9moignages affluent. Bient\u00f4t l&rsquo;id\u00e9e s&rsquo;impose : et si on faisait un livre ? Un livre qui parlerait de la solitude des ch\u00f4meurs, de leur stigmatisation, de la pauvret\u00e9 qui s&rsquo;abat sur les travailleurs pr\u00e9caires.<br>Qui donnerait la parole \u00e0 ces employ\u00e9s de l&rsquo;ANPE ne supportant plus le r\u00f4le coercitif qu&rsquo;on leur assigne. Qui dirait ce qui se trame dans les ANPE, ces lieux de \u00a0\u00bb traitement \u00a0\u00bb du ch\u00f4mage, o\u00f9 les ch\u00f4meurs sont quantifi\u00e9s en \u00a0\u00bb stocks \u00ab\u00a0, o\u00f9 la d\u00e9pression touche de plus en plus d&rsquo;agents. Qui dirait la v\u00e9rit\u00e9 sur les politiques de l&rsquo;Emploi, la perversit\u00e9 du Suivi Mensuel Personnalis\u00e9, les statistiques truqu\u00e9es du ch\u00f4mage, les 2 millions de \u00a0\u00bb ch\u00f4meurs invisibles \u00ab\u00a0.<br>Un livre qui d\u00e9crypterait la \u00a0\u00bb valeur travail \u00ab\u00a0.<\/p>\n\n\n\n<ul class=\"wp-block-list\">\n<li>Auteur : Collectif<\/li>\n\n\n\n<li>Date de parution : 13\/03\/2007<\/li>\n\n\n\n<li>EAN : 9782352270317<\/li>\n\n\n\n<li>Nombre de pages : 245<\/li>\n\n\n\n<li>Collection : TOUS LES POSSIBLES<\/li>\n\n\n\n<li>Genre : <em>Pamphlet<\/em><\/li>\n<\/ul>\n","protected":false},"excerpt":{"rendered":"<p>Ch\u00f4meurs, qu&rsquo;attendez-vous pour dispara\u00eetre ? Manifestes sur une soci\u00e9t\u00e9 en panne d&rsquo;humanit\u00e9 13 [&hellip;]<\/p>\n","protected":false},"author":2,"featured_media":0,"parent":0,"menu_order":0,"comment_status":"closed","ping_status":"closed","template":"","meta":{"footnotes":""},"class_list":["post-709","page","type-page","status-publish","hentry"],"_links":{"self":[{"href":"https:\/\/apreslalune.fr\/index.php\/wp-json\/wp\/v2\/pages\/709","targetHints":{"allow":["GET"]}}],"collection":[{"href":"https:\/\/apreslalune.fr\/index.php\/wp-json\/wp\/v2\/pages"}],"about":[{"href":"https:\/\/apreslalune.fr\/index.php\/wp-json\/wp\/v2\/types\/page"}],"author":[{"embeddable":true,"href":"https:\/\/apreslalune.fr\/index.php\/wp-json\/wp\/v2\/users\/2"}],"replies":[{"embeddable":true,"href":"https:\/\/apreslalune.fr\/index.php\/wp-json\/wp\/v2\/comments?post=709"}],"version-history":[{"count":2,"href":"https:\/\/apreslalune.fr\/index.php\/wp-json\/wp\/v2\/pages\/709\/revisions"}],"predecessor-version":[{"id":711,"href":"https:\/\/apreslalune.fr\/index.php\/wp-json\/wp\/v2\/pages\/709\/revisions\/711"}],"wp:attachment":[{"href":"https:\/\/apreslalune.fr\/index.php\/wp-json\/wp\/v2\/media?parent=709"}],"curies":[{"name":"wp","href":"https:\/\/api.w.org\/{rel}","templated":true}]}}

Chômeurs, qu&rsquo;attendez-vous pour disparaître ?

<p><strong>Chômeurs, qu&rsquo;attendez-vous pour disparaître ? Manifestes sur une société en panne d&rsquo;humanité</strong></p>



<figure class="wp-block-image size-full"><img loading="lazy" decoding="async" width="345" height="520" src="http://apreslalune.fr/wp-content/uploads/2025/02/Chomeurs-quattendez-vous-pour-disparaitre-_-manifestes-sur-une-societe-en-panne-dhumanite-.jpg" alt="" class="wp-image-376" srcset="https://apreslalune.fr/wp-content/uploads/2025/02/Chomeurs-quattendez-vous-pour-disparaitre-_-manifestes-sur-une-societe-en-panne-dhumanite-.jpg 345w, https://apreslalune.fr/wp-content/uploads/2025/02/Chomeurs-quattendez-vous-pour-disparaitre-_-manifestes-sur-une-societe-en-panne-dhumanite--199x300.jpg 199w" sizes="auto, (max-width: 345px) 100vw, 345px" /></figure>



<p>13 décembre 2005.<br>57 chômeurs touchant l&rsquo;ASS convoqués à l&rsquo;ANPE Saint-Georges (Paris 9e) apprennent qu&rsquo;ils commencent un stage de  » remotivation  » de 200 heures. le lendemain matin ! A la suite de cette  » rafle « , un tract rédigé dans l&rsquo;urgence circule sur Internet. Libération, Canal+, France Inter prennent le relais. Les témoignages affluent. Bientôt l&rsquo;idée s&rsquo;impose : et si on faisait un livre ? Un livre qui parlerait de la solitude des chômeurs, de leur stigmatisation, de la pauvreté qui s&rsquo;abat sur les travailleurs précaires.<br>Qui donnerait la parole à ces employés de l&rsquo;ANPE ne supportant plus le rôle coercitif qu&rsquo;on leur assigne. Qui dirait ce qui se trame dans les ANPE, ces lieux de  » traitement  » du chômage, où les chômeurs sont quantifiés en  » stocks « , où la dépression touche de plus en plus d&rsquo;agents. Qui dirait la vérité sur les politiques de l&rsquo;Emploi, la perversité du Suivi Mensuel Personnalisé, les statistiques truquées du chômage, les 2 millions de  » chômeurs invisibles « .<br>Un livre qui décrypterait la  » valeur travail « .</p>



<ul class="wp-block-list">
<li>Auteur : Collectif</li>



<li>Date de parution : 13/03/2007</li>



<li>EAN : 9782352270317</li>



<li>Nombre de pages : 245</li>



<li>Collection : TOUS LES POSSIBLES</li>



<li>Genre : <em>Pamphlet</em></li>
</ul>

<p>Chômeurs, qu&rsquo;attendez-vous pour disparaître ? Manifestes sur une société en panne d&rsquo;humanité 13 [&hellip;]</p>
