{"id":728,"date":"2025-03-08T11:05:50","date_gmt":"2025-03-08T11:05:50","guid":{"rendered":"https:\/\/apreslalune.fr\/?page_id=728"},"modified":"2025-03-08T11:05:50","modified_gmt":"2025-03-08T11:05:50","slug":"a-la-ville-comme-a-la-campagne","status":"publish","type":"page","link":"https:\/\/apreslalune.fr\/index.php\/a-la-ville-comme-a-la-campagne\/","title":{"rendered":"\u00c0 la ville comme \u00e0 la campagne"},"content":{"rendered":"\n<figure class=\"wp-block-image size-full is-resized\"><img loading=\"lazy\" decoding=\"async\" width=\"345\" height=\"497\" src=\"http:\/\/apreslalune.fr\/wp-content\/uploads\/2025\/02\/A-la-ville-comme-a-la-campagne-.jpg\" alt=\"A\u0300 la ville comme a\u0300 la campagne, paul fournel, editions apres la lune\" class=\"wp-image-370\" style=\"width:195px;height:auto\" srcset=\"https:\/\/apreslalune.fr\/wp-content\/uploads\/2025\/02\/A-la-ville-comme-a-la-campagne-.jpg 345w, https:\/\/apreslalune.fr\/wp-content\/uploads\/2025\/02\/A-la-ville-comme-a-la-campagne--208x300.jpg 208w\" sizes=\"auto, (max-width: 345px) 100vw, 345px\" \/><\/figure>\n\n\n\n<p>La vie de cour (ou comment je ne suis pas devenu coiffeur pour dames).<br>Ivre de trop de volupt\u00e9, il me semblait que la vie serait belle si je pouvais la passer tout enti\u00e8re les mains et le nez plong\u00e9s dans le cr\u00e2ne chaud des femmes. Le tour du Monde (ou comment je ne suis pas devenu coureur cycliste). Lanc\u00e9 \u00e0 fond vers elle, les bras lev\u00e9s je sus que mon premier triomphe de coureur cycliste allait se terminer en pot-au-feu.<\/p>\n\n\n\n<ul class=\"wp-block-list\">\n<li>Auteur : Paul Fournel<\/li>\n\n\n\n<li>Date de parution : 02\/07\/2006<\/li>\n\n\n\n<li>Editeur : Apres La Lune<\/li>\n\n\n\n<li><strong>E<\/strong>AN : 9782352270157<\/li>\n\n\n\n<li><strong>No<\/strong>mbre de pages : 55<\/li>\n\n\n\n<li>Collection : LA MAITRESSE EN MAILLOT DE BAIN<\/li>\n\n\n\n<li>Genre : Polars<\/li>\n<\/ul>\n\n\n\n<p><\/p>\n","protected":false},"excerpt":{"rendered":"<p>La vie de cour (ou comment je ne suis pas devenu coiffeur pour [&hellip;]<\/p>\n","protected":false},"author":2,"featured_media":0,"parent":0,"menu_order":0,"comment_status":"closed","ping_status":"closed","template":"","meta":{"footnotes":""},"class_list":["post-728","page","type-page","status-publish","hentry"],"_links":{"self":[{"href":"https:\/\/apreslalune.fr\/index.php\/wp-json\/wp\/v2\/pages\/728","targetHints":{"allow":["GET"]}}],"collection":[{"href":"https:\/\/apreslalune.fr\/index.php\/wp-json\/wp\/v2\/pages"}],"about":[{"href":"https:\/\/apreslalune.fr\/index.php\/wp-json\/wp\/v2\/types\/page"}],"author":[{"embeddable":true,"href":"https:\/\/apreslalune.fr\/index.php\/wp-json\/wp\/v2\/users\/2"}],"replies":[{"embeddable":true,"href":"https:\/\/apreslalune.fr\/index.php\/wp-json\/wp\/v2\/comments?post=728"}],"version-history":[{"count":1,"href":"https:\/\/apreslalune.fr\/index.php\/wp-json\/wp\/v2\/pages\/728\/revisions"}],"predecessor-version":[{"id":729,"href":"https:\/\/apreslalune.fr\/index.php\/wp-json\/wp\/v2\/pages\/728\/revisions\/729"}],"wp:attachment":[{"href":"https:\/\/apreslalune.fr\/index.php\/wp-json\/wp\/v2\/media?parent=728"}],"curies":[{"name":"wp","href":"https:\/\/api.w.org\/{rel}","templated":true}]}}