{"id":731,"date":"2025-03-08T11:11:54","date_gmt":"2025-03-08T11:11:54","guid":{"rendered":"https:\/\/apreslalune.fr\/?page_id=731"},"modified":"2025-03-08T11:11:54","modified_gmt":"2025-03-08T11:11:54","slug":"dans-la-cendre","status":"publish","type":"page","link":"https:\/\/apreslalune.fr\/index.php\/dans-la-cendre\/","title":{"rendered":"Dans la cendre"},"content":{"rendered":"\n<figure class=\"wp-block-image size-full is-resized\"><img loading=\"lazy\" decoding=\"async\" width=\"345\" height=\"553\" src=\"http:\/\/apreslalune.fr\/wp-content\/uploads\/2025\/02\/Dans-la-cendre-.jpg\" alt=\"Dans la cendre, Alexandre Dumal, \u00e9ditions Apres la lune\" class=\"wp-image-379\" style=\"width:183px;height:auto\" srcset=\"https:\/\/apreslalune.fr\/wp-content\/uploads\/2025\/02\/Dans-la-cendre-.jpg 345w, https:\/\/apreslalune.fr\/wp-content\/uploads\/2025\/02\/Dans-la-cendre--187x300.jpg 187w\" sizes=\"auto, (max-width: 345px) 100vw, 345px\" \/><\/figure>\n\n\n\n<p>Comment il s&rsquo;appelle, ton \u00e2ne ? &#8211; Populo. &#8211; Le peuple ? a-t-elle demand\u00e9 en rigolant. &#8211; Oui ! Le libeccio a redoubl\u00e9 de puissance. Nous sommes revenus sur le devant de la bergerie et le vent soulevait toujours plus de poussi\u00e8res et de cendres. Toutes les cendres. Celles du pass\u00e9 et celles du pr\u00e9sent. Nous nous sommes enlac\u00e9s, pour ne faire plus qu&rsquo;un, avant de dispara\u00eetre dans un tourbillon de chaleur blanche.<\/p>\n\n\n\n<ul class=\"wp-block-list\">\n<li>Auteur : Alexandre Dumal<\/li>\n\n\n\n<li>Date de parution : 11\/01\/2007<\/li>\n\n\n\n<li>EAN : 9782352270294<\/li>\n\n\n\n<li><strong>N<\/strong>ombre de pages : 117<\/li>\n\n\n\n<li>Collection : LUNES BLAFARDES<\/li>\n\n\n\n<li>Genre : Polars<\/li>\n<\/ul>\n","protected":false},"excerpt":{"rendered":"<p>Comment il s&rsquo;appelle, ton \u00e2ne ? &#8211; Populo. &#8211; Le peuple ? a-t-elle [&hellip;]<\/p>\n","protected":false},"author":2,"featured_media":0,"parent":0,"menu_order":0,"comment_status":"closed","ping_status":"closed","template":"","meta":{"footnotes":""},"class_list":["post-731","page","type-page","status-publish","hentry"],"_links":{"self":[{"href":"https:\/\/apreslalune.fr\/index.php\/wp-json\/wp\/v2\/pages\/731","targetHints":{"allow":["GET"]}}],"collection":[{"href":"https:\/\/apreslalune.fr\/index.php\/wp-json\/wp\/v2\/pages"}],"about":[{"href":"https:\/\/apreslalune.fr\/index.php\/wp-json\/wp\/v2\/types\/page"}],"author":[{"embeddable":true,"href":"https:\/\/apreslalune.fr\/index.php\/wp-json\/wp\/v2\/users\/2"}],"replies":[{"embeddable":true,"href":"https:\/\/apreslalune.fr\/index.php\/wp-json\/wp\/v2\/comments?post=731"}],"version-history":[{"count":1,"href":"https:\/\/apreslalune.fr\/index.php\/wp-json\/wp\/v2\/pages\/731\/revisions"}],"predecessor-version":[{"id":732,"href":"https:\/\/apreslalune.fr\/index.php\/wp-json\/wp\/v2\/pages\/731\/revisions\/732"}],"wp:attachment":[{"href":"https:\/\/apreslalune.fr\/index.php\/wp-json\/wp\/v2\/media?parent=731"}],"curies":[{"name":"wp","href":"https:\/\/api.w.org\/{rel}","templated":true}]}}

<figure class="wp-block-image size-full is-resized"><img loading="lazy" decoding="async" width="345" height="553" src="http://apreslalune.fr/wp-content/uploads/2025/02/Dans-la-cendre-.jpg" alt="Dans la cendre, Alexandre Dumal, éditions Apres la lune" class="wp-image-379" style="width:183px;height:auto" srcset="https://apreslalune.fr/wp-content/uploads/2025/02/Dans-la-cendre-.jpg 345w, https://apreslalune.fr/wp-content/uploads/2025/02/Dans-la-cendre--187x300.jpg 187w" sizes="auto, (max-width: 345px) 100vw, 345px" /></figure>



<p>Comment il s&rsquo;appelle, ton âne ? &#8211; Populo. &#8211; Le peuple ? a-t-elle demandé en rigolant. &#8211; Oui ! Le libeccio a redoublé de puissance. Nous sommes revenus sur le devant de la bergerie et le vent soulevait toujours plus de poussières et de cendres. Toutes les cendres. Celles du passé et celles du présent. Nous nous sommes enlacés, pour ne faire plus qu&rsquo;un, avant de disparaître dans un tourbillon de chaleur blanche.</p>



<ul class="wp-block-list">
<li>Auteur : Alexandre Dumal</li>



<li>Date de parution : 11/01/2007</li>



<li>EAN : 9782352270294</li>



<li><strong>N</strong>ombre de pages : 117</li>



<li>Collection : LUNES BLAFARDES</li>



<li>Genre : Polars</li>
</ul>

<p>Comment il s&rsquo;appelle, ton âne ? &#8211; Populo. &#8211; Le peuple ? a-t-elle [&hellip;]</p>
